hat is the hundreds digit of h?
2
Let i = 73 + -71. Let x be (i/4)/(-3 + (-7063)/(-2352)). Let w = -32 + x. What is the hundreds digit of w?
1
Let v be ((-6)/10)/(-3) - 53522/35. Let u = v - -2238. What is the tens digit of u?
0
Let r be (-17134)/38 - (-46)/(-437). Let w = -375 - r. What is the tens digit of w?
7
Let t(v) = -v**2 + v. Let n(s) = s**3 + 10*s**2 - 2*s - 5. Let r(l) = -n(l) + 3*t(l). Suppose 33*h + 301 + 161 = 0. What is the hundreds digit of r(h)?
1
Suppose 3*g - 6 = 5*a, -g - a + 2 = 2*a. Let s = -48 - -75. Suppose -121 = -g*i + s. What is the units digit of i?
4
Suppose -3*f - 3 = -0*f, 4*f + 1555 = 3*j. Suppose -59 = -m + j. What is the tens digit of m?
7
Suppose 13*b = 104*b - 1695556 + 555872. What is the tens digit of b?
2
Let y(s) = s**3 - 23*s**2 - 2*s + 42. Let j be y(23). What is the units digit of (3 + -11)*9/j?
8
Let n = -399 - -354. What is the units digit of 299 + (4/(-18) - (-215)/n)?
4
Suppose -11*i + 8*i - 2*i + 51525 = 0. What is the units digit of i?
5
Let h(b) = 10376*b**2 + 31*b + 94. What is the tens digit of h(-2)?
3
Suppose 5*r + 15 = 0, 3*y - 5*r - 15 = 9. Suppose -3*v + 24 = 3*t, 5*v - 30 = -4*t + 7. Suppose y*s = z - 4 + 1, -63 = -v*z - s. What is the units digit of z?
2
Suppose -5*r + 8*r + 6 = 3*i, -2*r = 4*i - 8. Let n(t) = 124*t**2 - 13*t + 26. What is the units digit of n(i)?
6
Let a = -17 - -23. Suppose 2*i - 5*l = a, 3*i + l - 2 - 7 = 0. Suppose 0 = i*o - 809 + 170. What is the hundreds digit of o?
2
Let a = -44 - -26. Let o = a - -21. Suppose -n - 33 = -o*c + 2*c, 2*n = 5*c - 171. What is the tens digit of c?
3
Let x be (3 - -8) + (-2)/(-2) + 0. Suppose 5*r = -0*j - 5*j + 645, -4*r + x = 0. Suppose 5*i - 6*i + j = 0. What is the hundreds digit of i?
1
Let r = 7 + -4. Let g(b) = -b**3 + 32*b**2 - 55*b - 144. Let q be g(30). What is the hundreds digit of (3 - -38*15/q) + r?
1
Let d = -1217 + 3337. What is the tens digit of d?
2
Let k(s) = -s**2 + 3*s - 2. Suppose i + 7 = 5*c, -5*i = -2*c + 7*c - 25. Let x be k(c). What is the tens digit of (-39)/(-13) + (27 - x)?
3
Let p = 23 + -29. Let z = p - -11. Suppose -z*k + 3*k + 184 = 4*v, k = v + 83. What is the tens digit of k?
8
Let b be (66/(-44))/(6/688). Let j = -28 - b. Let u = j - 80. What is the units digit of u?
4
What is the units digit of 5 + -12 + 18496 + (-13 - -4)?
0
Let j(z) = 21*z**2 - 195*z + 27. Let a(k) = 5*k**2 - 49*k + 7. Let q(v) = 9*a(v) - 2*j(v). What is the units digit of q(21)?
1
Let a = 43756 - 29072. What is the units digit of a?
4
Suppose 4*k + 1696 = 4*i - 0*i, 0 = -4*i + k + 1693. Let y = i - 239. Let g = -51 + y. What is the tens digit of g?
3
Suppose 48*p - 5*y - 17796 = 45*p, -3*p - 2*y + 17775 = 0. What is the tens digit of p?
2
Let o be (3 + 6/(-2))*20/40. What is the tens digit of (671 - (-2 + o)) + 0?
7
Let x(g) = -15*g + 179. Let b be x(28). Let z = -219 - b. What is the units digit of z?
2
Let z be (198 - 1) + 6/(-3 - -5). Let s = z - 71. What is the tens digit of s?
2
Let h(l) be the first derivative of -15*l**2/2 + 18*l + 171. Let g = -13 + 9. What is the units digit of h(g)?
8
Suppose 0 = 6*p - 4*p + 4*z - 2240, 3*p + 3*z = 3357. Suppose 1712 = 10*r - p. What is the units digit of r?
3
Let m(z) = -z**2 - 73*z - 277. Let i be m(-73). Suppose -320 = 5*y + 395. Let w = y - i. What is the hundreds digit of w?
1
Let s be (-153)/(-2)*(-2 - -6). Let k = s + -171. Let o = k - 75. What is the units digit of o?
0
Suppose 3*x + 9 = -0*x + h, 1 = -2*x - h. Let i be ((-3904)/(-12) - x) + 6/9. Suppose 7*t = 3*t + i. What is the units digit of t?
2
Suppose 2*y + 4*p - 6*p = 1200, y - 609 = 4*p. Suppose 480 + 48 = 132*n. Suppose -n*t + t + y = 0. What is the tens digit of t?
9
Let c = -70 - -68. Let q = c - -158. What is the hundreds digit of q?
1
What is the hundreds digit of (((-1540)/56)/(1/(-6)))/(2/250)?
6
Suppose 4*j + 4*q - 7*q = 154, 3*j - 4*q - 112 = 0. Suppose 0 = -43*k + j*k - 45. What is the tens digit of k/(-4 - 1) - -103?
0
Let r = 20817 - 13420. What is the hundreds digit of r?
3
Let b(i) be the second derivative of -2*i**3 + 3*i**2 + i. Let d be b(-6). Let h = d - 67. What is the tens digit of h?
1
Let s(v) = 79*v - 5. Let l be (-17)/(17/(-12)) - 6. What is the units digit of s(l)?
9
Let l(g) = g**2 - 8*g - 33. Let o be l(-6). What is the hundreds digit of (-19048)/(-204)*3 + (-6)/o?
2
Let w(n) = 27*n**2 + 31*n + 514. What is the tens digit of w(-24)?
2
Let p(w) = -323*w - 1874. What is the units digit of p(-25)?
1
Let i be 1/((-4)/(-8)*8/4852). Let b = i - 575. What is the units digit of b?
8
Let w = 7061 + 852. What is the units digit of w?
3
Let b be ((-2)/(-3))/(10/90). Let c be 24/(-18) - -5 - (-8)/b. Suppose -9*k = -c*k - 244. What is the tens digit of k?
6
Let k = 252 + -74. Suppose 3*c - k = 4*u, -u - 15 = -3*c + 160. Suppose -6*s + c + 140 = 0. What is the tens digit of s?
3
Suppose -19*l + 9*l = -40. Suppose -6*z + z - 284 = -3*g, -l*g = 2*z - 370. What is the units digit of g?
3
Suppose -12*c + 11 = -25. Suppose 0 = -5*t - 2*l - 640, 2*l = -c*t + 3*l - 373. Let z = t + 171. What is the tens digit of z?
4
Let x(v) = v**3 + 15*v**2 - 46*v - 50. What is the hundreds digit of x(-17)?
1
What is the hundreds digit of 6780/10 - 13/(39/(-18))?
6
Let g(n) = 1380*n - 3125. What is the hundreds digit of g(7)?
5
Let q be 15195/12 + ((-49)/(-28) - 2). Let j = 3145 - q. What is the hundreds digit of j?
8
What is the hundreds digit of 479610/25 + 246/(-615)?
1
Let q(o) = -11. Let x(a) = 2*a + 21. Let n(j) = -9*q(j) - 4*x(j). What is the tens digit of n(-13)?
1
Suppose 4*k + 3*p = p - 306, 4*p = -k - 66. Let y be (-36 + -44)/(4/8). Let h = k - y. What is the units digit of h?
2
Suppose 43*i + 4*m = 41*i + 77628, -m + 6 = 0. What is the hundreds digit of i?
8
Suppose 618416 = 304*n - 56*n - 21424. What is the tens digit of n?
8
Suppose 5*w + 4*w - 2565 = 0. Suppose 12*v - 7*v - w = 0. Suppose -v*l = -62*l + 525. What is the hundreds digit of l?
1
Let y(v) = v**2 - 23*v - 22. Let d be y(24). Suppose -d*u + 276 = 2*j, -u - 86 = -j + 50. What is the units digit of j?
7
Let g(j) be the first derivative of -2/3*j**3 + 2*j**2 + 1/4*j**4 - 5*j - 5. What is the tens digit of g(4)?
4
Suppose -2*j = 3*l + 9, 0*l = 5*j - 3*l - 9. Suppose 19*p - 22*p = j. Suppose p = 6*t + 71 - 1757. What is the units digit of t?
1
Suppose -5*k = 5*c + 10, 2*c + 20*k = 25*k + 31. Suppose -c*p = 12, 0 = -4*o + 47*p - 50*p + 868. What is the hundreds digit of o?
2
Suppose 1911700 = 1474*n - 1404*n. What is the tens digit of n?
1
Suppose -109*b = -509427 + 20017. What is the thousands digit of b?
4
Let p be -24*-4*(-15)/40. What is the tens digit of p/(-24)*(-2910)/(-9)?
8
Let t = 166 - 166. Suppose -354 = -5*v - 5*u + 701, -5*u = 2*v - 413. Suppose 12*b - 14*b + v = t. What is the tens digit of b?
0
What is the thousands digit of (23 + (10708 - -18))*14/6?
5
Suppose 17*v = 45*v + 56. What is the units digit of (-3)/(-6)*v*(-13 + -688)?
1
Suppose 0 = -214*n - 331459 + 407191 + 651226. What is the thousands digit of n?
3
What is the hundreds digit of 1 + (-24)/21 + 13 + (-5574255)/(-105)?
1
Let u = 32 + -29. Let x(c) = 9*c + c**2 - c**2 + 19 - 21 - 2*c**u. What is the units digit of x(-4)?
0
Let y = 262 - -166. Let i be y + (-2 - -2)/4. Suppose -3 = 3*p, p + i = 5*q - 188. What is the tens digit of q?
2
Let u = 23049 + -13295. What is the hundreds digit of u?
7
Let s be (-15224)/(64/(-8))*1. Suppose -10*i + 4847 = -s. What is the units digit of i?
5
Suppose -4*l + 7332 = -271*d + 273*d, 10984 = 3*d - l. What is the tens digit of d?
6
Suppose 44112 = 53*s - 53885. What is the units digit of s?
9
Suppose 0 = -19*s - 9*s + 359410 + 343586. What is the units digit of s?
7
Suppose z = -5*k + 26, -170 = -3*z - z + 2*k. Let y = 38 - z. Let g(f) = -15*f + 22. What is the tens digit of g(y)?
6
Let r(a) = a + 50*a**2 - 3*a**3 - 49*a**2 - a + a - 5. What is the units digit of r(-4)?
9
Suppose -2*r + 5*r = 720. Suppose -o = 4*o + r. What is the units digit of (o/10)/((-20)/350)?
4
Suppose 0 = 11*c - 9*c - 9*c + 7945. What is the tens digit of c?
3
Suppose -y + 15 = 2*u + 3*u, -12 = 3*y - 4*u. Suppose -2*g + 106 + 102 = y. Suppose 6*v = 4*d + 10*v - g, -11 = -d - 4*v. What is the tens digit of d?
3
Suppose -7*g + 3*p - 67 = -8*g, -g + 5*p + 75 = 0. What is t